e t(7). Let i = j - -75. List the prime factors of i.
2, 7
Let n(h) = -15*h**3 + h**2 + h + 2. Let b be n(2). Let f = b - -220. What are the prime factors of f?
2, 3
Suppose n = -338 + 88. Let q be 2/6 + n/(-6). Suppose c - q - 8 = 0. What are the prime factors of c?
2, 5
Suppose 6*j - 3*j = -6. Let r(s) = 11*s**2 - s + 3. What are the prime factors of r(j)?
7
Suppose 0 = 4*a - 16 + 112. What are the prime factors of (a/9 - (-8 + 6))*-291?
2, 97
Let m be (3/4)/(1/12). Let h = m + -1. List the prime factors of h + (-3 - (-1 - -1)).
5
Suppose -28*i + 1391 = 4*b - 31*i, b + i = 353. List the prime factors of b.
2, 5, 7
Let s(m) = m**3 + 11*m**2 + 10*m + 1. Let z be s(-8). Let i = -27 + z. What are the prime factors of i?
2, 43
Let d = 77 - 134. Let o = 112 + d. What are the prime factors of o?
5, 11
Suppose -2*p = -4*j - 20, -p - 3*j = -0*j - 5. List the prime factors of 838/p + 3/(-4) - 0.
2, 13
Suppose -14*q = -5*q - 8829. What are the prime factors of q?
3, 109
Let k = -199 + 1261. What are the prime factors of k?
2, 3, 59
Suppose 0 = 51*b - 46*b - 15. Let k = 4 - 1. Suppose -2*x + 32 = -2*j, b*j + 2*j + 44 = k*x. List the prime factors of x.
2, 3
What are the prime factors of 14466/(-5)*135/(-81)?
2, 2411
Suppose -5*d + q = -3*q - 1436, 3*d + 2*q = 844. What are the prime factors of d?
2, 71
Let d be 3/21 + (-75)/35. Let w be (4/d)/(4/12). Let b(c) = c**3 + 7*c**2 + 3*c - 4. List the prime factors of b(w).
2, 7
Let d(a) = -a**2 + 4*a. Let h be d(2). Suppose -h*u + 4*w = -620, 5*w = -5*u - 67 + 852. Suppose 0 = 3*n + 6, -2*n + u = 4*l - 0*n. List the prime factors of l.
2, 5
What are the prime factors of -3 - -4 - -1344 - 3?
2, 11, 61
Let b be (0 - 20)/5 + -175. Let v = b - -295. Suppose 0 = -5*x + 2*s + s + 174, 3*x + 4*s = v. List the prime factors of x.
2, 3
Let g be (-6)/(-4) - (-624)/(-32). What are the prime factors of (-1776)/g - 1/(-3)?
3, 11
Let y(p) = 3*p**2 - 70*p - 52. List the prime factors of y(31).
661
Let b = 15 - 21. Let l be (-15)/25 - b/10. Suppose l = 4*q - 32 - 80. What are the prime factors of q?
2, 7
Let k be (-2)/(-4)*40/10. List the prime factors of (-317)/(-2) + (k - 42/12).
157
Let f be (-21)/(4 + (-5)/1). List the prime factors of (-19)/14*-30 + 6/f.
41
Suppose -5*s + 329 = -3111. List the prime factors of s.
2, 43
Suppose -4*o + 0*o + 12 = 0. What are the prime factors of o + -1 - -6*3?
2, 5
Suppose -6*p + 3*p + 18 = 0. Suppose -p = 2*j - j. Let o(x) = 3*x**2 + 9*x + 1. What are the prime factors of o(j)?
5, 11
Let o = 156 - -89. What are the prime factors of o?
5, 7
Let o(n) = -22*n + 6. Let l be o(-3). Let t = l + 30. What are the prime factors of t?
2, 3, 17
Let f = -54 + 105. Let m be (-2)/6 - (-21)/9. Suppose 7 = -m*l + f. What are the prime factors of l?
2, 11
Let q(t) be the third derivative of 3*t**5/4 + t**4/24 + t**3/6 + t**2. List the prime factors of q(-1).
3, 5
Let q = -17 + 63. Let k = 197 - q. What are the prime factors of k?
151
Let z(u) be the second derivative of 12*u + 0 - 2*u**2 + 1/2*u**3. What are the prime factors of z(5)?
11
Let r(x) = x**3 - 61*x**2 + 75*x - 55. List the prime factors of r(60).
5, 13
Let c = 1277 - -15. What are the prime factors of c?
2, 17, 19
Let h(g) = 32 - 18*g - 4*g + 3*g**2 + 8*g. List the prime factors of h(9).
149
Suppose 4*s + 80 - 16 = 0. Let g = 16 + s. Suppose g = 4*d - 269 + 53. List the prime factors of d.
2, 3
Suppose 5*s = 2*o - 10, -2*s + 3*s - 20 = -4*o. Suppose -o*f = j - 2*f + 40, 3*j = -2*f - 113. Let k = j + 65. What are the prime factors of k?
2, 7
Let c = 108 + -104. Let j(p) = 64*p + 3. What are the prime factors of j(c)?
7, 37
Suppose 2*o - 189 = -2*w + 153, 0 = -4*w + o + 699. What are the prime factors of 0 + 1 + (-5)/((-10)/w)?
2, 11
Let a be 1 + 5/((-15)/(-6)). Suppose 0 = -6*o + a*o + 3. List the prime factors of 1 + (o - -1)*17.
5, 7
Let u = 11 + 25. List the prime factors of 1330/8 - (-27)/u.
167
Suppose 10*b - 12 = 6*b. Let u(a) = b*a - 4*a + 3 - 3*a + 3*a. List the prime factors of u(0).
3
Suppose -5*i - 54 = 586. Let x = i + 187. What are the prime factors of x?
59
Let y(a) = a**2 + 6*a + 5. Let g be y(-5). Suppose 5*j + g*j - 155 = 0. List the prime factors of j.
31
Let n(r) = 3816*r**3 + 2*r**2 - r. List the prime factors of n(1).
11, 347
Let w = 1649 + -1172. List the prime factors of w.
3, 53
List the prime factors of -6 + (6 - 0) + 1 + 1114.
5, 223
What are the prime factors of 6784/9 - ((-40)/18 - -2)?
2, 13, 29
Let k(q) = q**3 + 3*q**2 - q + 10. List the prime factors of k(7).
17, 29
Suppose -2*d = p - 3, 4*d - 3*p - 2 = -p. Let a(i) = 26*i + 4. List the prime factors of a(d).
2, 3, 5
List the prime factors of ((-1)/(-3))/((-25)/(-75450)).
2, 503
Suppose 0 = 2*l - 2*y - 7 + 23, 16 = 4*y. Let f be (-3 - -1) + (-488)/l. Suppose 0 = -5*z, 3*z + f + 30 = 5*x. List the prime factors of x.
2, 3, 5
Let y = 19 - 16. List the prime factors of 94/y*3/2.
47
Suppose 98 = 4*t + 3*b - b, t - 2*b = 17. Suppose -3*j + t = -5*i, i + 0*i = -4. Let p(r) = 71*r**3 - 1. What are the prime factors of p(j)?
2, 5, 7
Suppose -3*t - 109 = 68. Let v = 211 + t. List the prime factors of v.
2, 19
Let n(t) = -50*t**2 - 2*t - 1. Let z be n(-1). Let l = z - -74. Suppose -l = -2*c + 19. List the prime factors of c.
2, 11
Let s(b) be the second derivative of b**4/6 + 2*b**3/3 - 11*b**2 - 20*b. List the prime factors of s(-6).
2, 13
What are the prime factors of 14/2 - 19032/24*-6?
5, 953
Let v = -2675 - -3829. What are the prime factors of v?
2, 577
Suppose r + r = 2*d + 20, -r + 2*d + 11 = 0. Suppose 3*f + r = 0, 18 = -p - 2*p - 3*f. List the prime factors of p/(-9) - (-14)/3.
5
What are the prime factors of 8/2 - 5420*30/(-40)?
13, 313
Let p(f) be the first derivative of -2*f**3/3 + 5*f**2/2 - 4*f - 10. Let s be p(2). List the prime factors of s/7 - (-387)/7.
5, 11
What are the prime factors of 4/10 - 646/(-10)?
5, 13
Let g(q) = 241*q**2 + 13*q + 28. What are the prime factors of g(-2)?
2, 3, 7, 23
Suppose 0*d - 4 = 2*d, d = -5*o + 23. Let r = o + 50. List the prime factors of r.
5, 11
Suppose 8 = 5*n + 3. Suppose 0 = 2*p - 7*p - 15. What are the prime factors of p + n - -6*2?
2, 5
Let c = 44 - 50. List the prime factors of (c/(-7))/(11/847).
2, 3, 11
What are the prime factors of 42/35 + (-42343)/(-35)?
7, 173
Let s be 2/3*462/44. Suppose -5*f + 11 = 2*t, -4*f - s = t + f. List the prime factors of t.
2, 3
Let a = -15 - -28. Let p = -1 + a. Let f = p - 7. What are the prime factors of f?
5
Let b be ((-2)/3)/(1/(-15)). Let y = b - -3. What are the prime factors of (-1 + y - 3) + -2?
7
List the prime factors of (-2)/6 - (5 + (-71929)/39).
3, 613
Let f = 1477 - 1062. What are the prime factors of f?
5, 83
Let n(l) be the third derivative of 2*l**2 - 1/24*l**4 + 1/120*l**6 - 1/3*l**3 + 0 + 0*l + 1/10*l**5. What are the prime factors of n(-3)?
2, 7
Suppose -15*z + z + 16114 = 0. List the prime factors of z.
1151
Suppose 2 + 2 = h. Suppose -75 = h*u - 7*u. List the prime factors of (-135)/(-6)*40/u.
2, 3
Let c be ((-3)/7)/(4/(-28)). Suppose -5*t - 6*q = -q + 25, -q = -t + c. Let i = t + 23. List the prime factors of i.
2, 11
Let m be 52/44 + (-2)/11. Let l be ((-1)/m - -7) + -2. What are the prime factors of 2/1 - (4 - l)?
2
Suppose -12732 - 1713 = -9*s. What are the prime factors of s?
3, 5, 107
Suppose 2*f = -3*c + f - 4, -3*f = 4*c - 3. What are the prime factors of c/15 - (-211)/5?
2, 3, 7
Let c be (3 - (-45)/(-6))*(-6)/9. Suppose i - g - c*g - 184 = 0, 942 = 5*i + 2*g. List the prime factors of i.
2, 47
Let v(z) = -162*z**2 - 6*z + 163*z**2 - 13 + 19*z - 3. List the prime factors of v(-17).
2, 13
Let i(k) = 80*k**2 - 15*k + 2. Let g be i(3). Suppose -5*o + y + y = -1121, -3*o = y - g. List the prime factors of o.
3, 5
Let u(n) = n**3 - 6*n**2 - 7*n + 4. Let s be u(7). Suppose s*v - 964 = -304. List the prime factors of v.
3, 5, 11
Let s be (-2 + -393)/((-1)/(-2)*-2). Let y = s + -121. List the prime factors of y.
2, 137
Let z = -3769 + 6507. What are the prime factors of z?
2, 37
Let y = 21 - 11. Suppose 4*n = -3*u + 13, 0*u - y = -3*u - n. Suppose 7*v = u*c + 3*v - 206, 4*c = -5*v + 285. List the prime factors of c.
2, 5, 7
Suppose x + 123 = 4*x. What are the prime factors of x?
41
Let o be 0*(15/6 + (-2 - 0)). Suppose -3*p + 8*p - 80 = o. What are the pri